{"id":5405,"date":"2024-08-30T10:47:22","date_gmt":"2024-08-30T08:47:22","guid":{"rendered":"https:\/\/atelier-sienne.fr\/?page_id=5405"},"modified":"2024-09-02T16:38:25","modified_gmt":"2024-09-02T14:38:25","slug":"construire-en-terre-crue","status":"publish","type":"page","link":"https:\/\/atelier-sienne.fr\/index.php\/construire-en-terre-crue\/","title":{"rendered":"Construire en terre crue"},"content":{"rendered":"\n<div class=\"wp-block-group\"><div class=\"wp-block-group__inner-container is-layout-flow wp-block-group-is-layout-flow\">\n<div class=\"wp-block-group\"><div class=\"wp-block-group__inner-container is-layout-flow wp-block-group-is-layout-flow\">\n<div class=\"wp-block-image\"><figure class=\"alignleft size-large is-resized\"><img loading=\"lazy\" decoding=\"async\" src=\"https:\/\/atelier-sienne.fr\/wp-content\/uploads\/2024\/08\/techniques-terre-crue-1.png\" alt=\"\" class=\"wp-image-5450\" width=\"664\" height=\"378\" srcset=\"https:\/\/atelier-sienne.fr\/wp-content\/uploads\/2024\/08\/techniques-terre-crue-1.png 896w, https:\/\/atelier-sienne.fr\/wp-content\/uploads\/2024\/08\/techniques-terre-crue-1-300x171.png 300w, https:\/\/atelier-sienne.fr\/wp-content\/uploads\/2024\/08\/techniques-terre-crue-1-768x438.png 768w, https:\/\/atelier-sienne.fr\/wp-content\/uploads\/2024\/08\/techniques-terre-crue-1-203x116.png 203w\" sizes=\"auto, (max-width: 664px) 100vw, 664px\" \/><\/figure><\/div>\n\n\n\n<p class=\"has-text-align-left\"><br><strong>C\u2019est quoi&nbsp;?<\/strong><br>Parmi les mat\u00e9riaux \u00e0 faible impact sur notre environnement, nous vous pr\u00e9sentons la terre crue. Utilis\u00e9e dans la construction vernaculaire, dans les murs \u00e0 pans de bois, comme mortier dans un mur en pierre, en enduit de fa\u00e7ade, comme constituant principal des murs, la terre crue est encore omnipr\u00e9sente autour de nous. L\u2019identifier dans une construction existante permettra de la soigner et la r\u00e9nover de fa\u00e7on adapt\u00e9e et de tirer parti de sa pr\u00e9sence. Son utilisation en r\u00e9novation ou construction neuve pr\u00e9sente toujours aujourd\u2019hui de nombreux avantages.<\/p>\n\n\n\n<p><strong>Diversit\u00e9 des techniques de mise en \u0153uvre :<\/strong><br>La construction en terre permet une large vari\u00e9t\u00e9 de techniques de mise en \u0153uvre : le pis\u00e9, la brique de terre crue, les enduits int\u00e9rieurs, les panneaux de terre&#8230;etc Il est donc possible d\u2019utiliser la terre dans vos projets de travaux, qu\u2019ils concernent des constructions neuves ou des r\u00e9novations.<\/p>\n<\/div><\/div>\n\n\n\n<div class=\"wp-block-group\"><div class=\"wp-block-group__inner-container is-layout-flow wp-block-group-is-layout-flow\">\n<div class=\"wp-block-image\"><figure class=\"alignright size-large is-resized\"><img loading=\"lazy\" decoding=\"async\" src=\"https:\/\/atelier-sienne.fr\/wp-content\/uploads\/2024\/08\/inertie-isolation-ecologique-SC-et-JPO.jpg\" alt=\"\" class=\"wp-image-5409\" width=\"125\" height=\"384\"\/><figcaption><em>Illustration du lissage des temp\u00e9ratures int\u00e9rieures gr\u00e2ce \u00e0 l&#8217;inertie des murs<br><strong>\u00a9<\/strong> &#8220;L&#8217;isolation thermique \u00e9cologique&#8221; de Jean-Pierre Oliva et Samuel Courgey aux \u00e9ditions Terre Vivante<\/em><\/figcaption><\/figure><\/div>\n\n\n\n<p><strong>Confort thermique :<\/strong><br>La terre a une capacit\u00e9 \u00e0 r\u00e9guler l\u2019humidit\u00e9 ambiante : les murs en terre peuvent contenir de l\u2019eau qui s\u2019\u00e9vapore ou condense en fonction de la temp\u00e9rature ambiante et apporte fraicheur ou chaleur au moment propice. Lors d\u2019une chaude journ\u00e9e d\u2019\u00e9t\u00e9, par exemple, l\u2019eau contenue dans les murs va s\u2019\u00e9vaporer et rafraichir la pi\u00e8ce. En hiver, l\u2019eau contenu dans l\u2019air va condenser et cr\u00e9er un peu de chaleur.<br>La terre poss\u00e8de \u00e9galement une forte inertie thermique. Un parement int\u00e9rieur de quelques centim\u00e8tres de terre pourra absorber, stocker puis restituer lentement un apport de chaleur instantan\u00e9, parfait pour ralentir le r\u00e9chauffement de l\u2019air int\u00e9rieur en \u00e9t\u00e9 et pour lisser, sur une journ\u00e9e d\u2019hiver la temp\u00e9rature int\u00e9rieure.<br>Un mur en terre, quant \u00e0 lui, est capable d\u2019amortir et d\u00e9phaser les diff\u00e9rences de temp\u00e9rature entre int\u00e9rieur et ext\u00e9rieur. Cette caract\u00e9ristique est int\u00e9ressante en \u00e9t\u00e9 comme en hiver pour lisser les temp\u00e9ratures int\u00e9rieures et retarder l\u2019effet des canicules ou de plusieurs jours de grand froid. Elle permet aussi de retarder de quelques semaines la p\u00e9riode de chauffe et de maintenir la fraicheur quelques semaines de plus en d\u00e9but d\u2019\u00e9t\u00e9.&nbsp;<\/p>\n<\/div><\/div>\n\n\n\n<p><strong>Faible consommation d\u2019\u00e9nergie :<\/strong><br>La terre ne n\u00e9cessite que tr\u00e8s peu d\u2019\u00e9nergie lors de sa mise en \u0153uvre. En effet, en fonction des techniques elle ne requiert pas ou peu de machine et les mat\u00e9riaux produits sont en grande majorit\u00e9 s\u00e9ch\u00e9s naturellement, sans apport d\u2019\u00e9nergie suppl\u00e9mentaire. Privil\u00e9gier l\u2019utilisation de terre locale permet de ma\u00eetriser la consommation d\u2019\u00e9nergie li\u00e9e au transport de la mati\u00e8re premi\u00e8re.<br><br><strong>Savoir-faire :<\/strong><br>La mise en \u0153uvre de la terre demande un savoir-faire particulier et donc une main d\u2019\u0153uvre qualifi\u00e9e. Le temps de mise en \u0153uvre est souvent plus important que celui n\u00e9cessaire \u00e0 des mat\u00e9riaux conventionnels. Ainsi, construire en terre crue, c\u2019est aussi d\u00e9velopper une \u00e9conomie locale s\u2019appuyant sur le savoir.<br><br><strong>Entretien :<\/strong><br>La terre dans la construction demande peu d\u2019entretien, les r\u00e9parations \u00e9ventuelles sont faciles \u00e0 mettre en \u0153uvre et les finitions peuvent rester intactes pendant des centaines d\u2019ann\u00e9es.<\/p>\n\n\n\n<p><strong>Esth\u00e9tique :<\/strong><br>La terre poss\u00e8de aussi une esth\u00e9tique naturelle proposant des textures vari\u00e9es et donnant \u00e0 voir le travail de l\u2019artisan.<br><br><\/p>\n\n\n\n<div class=\"wp-block-group\"><div class=\"wp-block-group__inner-container is-layout-flow wp-block-group-is-layout-flow\">\n<div class=\"wp-block-image\"><figure class=\"alignleft size-large is-resized\"><img loading=\"lazy\" decoding=\"async\" src=\"https:\/\/atelier-sienne.fr\/wp-content\/uploads\/2024\/08\/Reverssibilite-de-la-terre-1-edited-1024x723.png\" alt=\"\" class=\"wp-image-5429\" width=\"303\" height=\"213\" srcset=\"https:\/\/atelier-sienne.fr\/wp-content\/uploads\/2024\/08\/Reverssibilite-de-la-terre-1-edited-1024x723.png 1024w, https:\/\/atelier-sienne.fr\/wp-content\/uploads\/2024\/08\/Reverssibilite-de-la-terre-1-edited-300x212.png 300w, https:\/\/atelier-sienne.fr\/wp-content\/uploads\/2024\/08\/Reverssibilite-de-la-terre-1-edited-768x543.png 768w, https:\/\/atelier-sienne.fr\/wp-content\/uploads\/2024\/08\/Reverssibilite-de-la-terre-1-edited-1536x1085.png 1536w, https:\/\/atelier-sienne.fr\/wp-content\/uploads\/2024\/08\/Reverssibilite-de-la-terre-1-edited-2048x1447.png 2048w, https:\/\/atelier-sienne.fr\/wp-content\/uploads\/2024\/08\/Reverssibilite-de-la-terre-1-edited-164x116.png 164w\" sizes=\"auto, (max-width: 303px) 100vw, 303px\" \/><figcaption><em>Cycle de la terre crue comme mat\u00e9riau de construction <br><strong>\u00a9<\/strong> Paul Dussud<\/em><\/figcaption><\/figure><\/div>\n\n\n\n<p><strong>R\u00e9utilisation :<\/strong><br>Trait\u00e9e jusqu\u2019\u00e0 pr\u00e9sent comme un d\u00e9chet sur les chantiers, la terre peut \u00eatre valoris\u00e9e comme mat\u00e9riau de construction. La terre est r\u00e9utilisable \u00e0 l\u2019infini \u00e0 partir du moment o\u00f9 elle n\u2019a pas \u00e9t\u00e9 stabilis\u00e9e (lorsqu\u2019un adjuvant est ajout\u00e9 \u00e0 la terre comme de la chaux ou du ciment par exemple). Si elle n\u2019est pas utilis\u00e9e en mat\u00e9riau de construction, elle peut tout simplement retourner dans le sol.<br><br><strong>Mat\u00e9riau sain :<\/strong><br>La terre est un mat\u00e9riau sain, qui n\u2019\u00e9met pas de COV (Compos\u00e9s Organiques Volatiles). Elle est aussi tr\u00e8s agr\u00e9able \u00e0 mettre en \u0153uvre.<br><br><strong>Ressource locale :<\/strong><br>La terre est disponible partout sous nos pieds. Il est possible d\u2019utiliser la terre du lieu des travaux en fonction de sa constitution, elle induira une certaine mise en \u0153uvre et pr\u00e9paration avant utilisation. Autrement, il est possible de s\u2019approvisionner d\u2019une terre d\u00e9j\u00e0 pr\u00e9par\u00e9e en faisant attention \u00e0 sa provenance pour minimiser le transport.<br><br><br><br><\/p>\n<\/div><\/div>\n\n\n\n<p><strong>Fournisseurs de mat\u00e9riaux de construction en terre crue :<\/strong><br><a rel=\"noreferrer noopener\" href=\"https:\/\/www.cycle-terre.eu\/\" target=\"_blank\">https:\/\/www.cycle-terre.eu\/<\/a><br><a rel=\"noreferrer noopener\" href=\"https:\/\/www.ecohabitat.fr\/briques-de-chanvre-briques-de-terre-crue\/392-panneau-plak-argilus.html\" target=\"_blank\">https:\/\/www.ecohabitat.fr\/briques-de-chanvre-briques-de-terre-crue\/392-panneau-plak-argilus.html<\/a><br><a rel=\"noreferrer noopener\" href=\"https:\/\/akterre.fr\/\" target=\"_blank\">https:\/\/akterre.fr\/<\/a><br><a rel=\"noreferrer noopener\" href=\"https:\/\/argilus.fr\/\" target=\"_blank\">https:\/\/argilus.fr\/<\/a><\/p>\n\n\n\n<p><strong>Pour en savoir plus ?<\/strong><br>&#8211; Am\u00e0co : Organisme de recherche sur les mat\u00e9riaux terre et fibre : <a rel=\"noreferrer noopener\" href=\"https:\/\/amaco.org\/\" target=\"_blank\">https:\/\/amaco.org\/<\/a><br>&#8211; 4 raisons de construire en terre : <a rel=\"noreferrer noopener\" href=\"https:\/\/www.atelier-alp.bzh\/actualites\/4-raisons-construire-en-terre\/\" target=\"_blank\">Atelier ALP | 4 raisons de construire en terre (atelier-alp.bzh)<\/a><br>&#8211; Reportage  \u00ab&nbsp;Construire en terre crue pourquoi et comment ?&nbsp;\u00bb avec Lo\u00efc Daubas et Corentin Mouraud :<\/p>\n\n\n\n<figure class=\"wp-block-embed alignleft is-type-video is-provider-youtube wp-block-embed-youtube wp-embed-aspect-16-9 wp-has-aspect-ratio\"><div class=\"wp-block-embed__wrapper\">\n<div class=\"jetpack-video-wrapper\"><iframe loading=\"lazy\" title=\"Reportage &quot;Construire en terre crue : pourquoi et comment ?&quot; avec Lo\u00efc Daubas et Corentin Mouraud\" width=\"1140\" height=\"641\" src=\"https:\/\/www.youtube.com\/embed\/L4SctMFNgjY?start=10&#038;feature=oembed\" frameborder=\"0\" allow=\"accelerometer; autoplay; clipboard-write; encrypted-media; gyroscope; picture-in-picture; web-share\" referrerpolicy=\"strict-origin-when-cross-origin\" allowfullscreen><\/iframe><\/div>\n<\/div><\/figure>\n<\/div><\/div>\n\n\n\n<p><br><\/p>\n","protected":false},"excerpt":{"rendered":"<p>C\u2019est quoi&nbsp;?Parmi les mat\u00e9riaux \u00e0 faible impact sur notre environnement, nous vous pr\u00e9sentons la terre crue. Utilis\u00e9e dans la construction &hellip; <a href=\"https:\/\/atelier-sienne.fr\/index.php\/construire-en-terre-crue\/\" class=\"more-link\">Continue reading <span class=\"screen-reader-text\">Construire en terre crue<\/span><\/a><\/p>\n","protected":false},"author":1,"featured_media":0,"parent":0,"menu_order":0,"comment_status":"closed","ping_status":"closed","template":"","meta":{"jetpack_post_was_ever_published":false,"footnotes":""},"class_list":["post-5405","page","type-page","status-publish","hentry"],"jetpack_sharing_enabled":true,"jetpack_shortlink":"https:\/\/wp.me\/PaqDx4-1pb","_links":{"self":[{"href":"https:\/\/atelier-sienne.fr\/index.php\/wp-json\/wp\/v2\/pages\/5405","targetHints":{"allow":["GET"]}}],"collection":[{"href":"https:\/\/atelier-sienne.fr\/index.php\/wp-json\/wp\/v2\/pages"}],"about":[{"href":"https:\/\/atelier-sienne.fr\/index.php\/wp-json\/wp\/v2\/types\/page"}],"author":[{"embeddable":true,"href":"https:\/\/atelier-sienne.fr\/index.php\/wp-json\/wp\/v2\/users\/1"}],"replies":[{"embeddable":true,"href":"https:\/\/atelier-sienne.fr\/index.php\/wp-json\/wp\/v2\/comments?post=5405"}],"version-history":[{"count":41,"href":"https:\/\/atelier-sienne.fr\/index.php\/wp-json\/wp\/v2\/pages\/5405\/revisions"}],"predecessor-version":[{"id":5524,"href":"https:\/\/atelier-sienne.fr\/index.php\/wp-json\/wp\/v2\/pages\/5405\/revisions\/5524"}],"wp:attachment":[{"href":"https:\/\/atelier-sienne.fr\/index.php\/wp-json\/wp\/v2\/media?parent=5405"}],"curies":[{"name":"wp","href":"https:\/\/api.w.org\/{rel}","templated":true}]}}